{"id":56853,"date":"2020-04-16T10:41:15","date_gmt":"2020-04-16T08:41:15","guid":{"rendered":"https:\/\/rbk-lineaire.fr\/?page_id=56853"},"modified":"2021-07-02T17:54:17","modified_gmt":"2021-07-02T15:54:17","slug":"notre-stock","status":"publish","type":"page","link":"https:\/\/rbk-lineaire.fr\/index.php\/notre-stock\/","title":{"rendered":"NOTRE STOCK"},"content":{"rendered":"<p>[vc_row][vc_column][vc_column_text]Retrouvez ici notre stock disponible de rails, arbres,vis \u00e0 billes, galets des marques de nos partenaires : SCHAEFFLER, NADELLA.[\/vc_column_text][vc_empty_space][vc_column_text]1.Rails et arbres SCHAEFFLER en stock[\/vc_column_text][vc_single_image image=\u00a0\u00bb56111&Prime; img_size=\u00a0\u00bb200*150&Prime;][vc_column_text]<b>Composition du stock SCHAEFFLER :<\/b><\/p>\n<ul>\n<li>1000 Chariots de la taille 15 \u00e0 30 (Type B BL BH BHL\u00a0 en version V1 V2)<\/li>\n<li>200 Chariots de la taille 35 \u00e0 55 (Type B BL BH BHL\u00a0 en version V1 V2)<\/li>\n<li>Avec plus de 1000 m\u00e8tres de rails en stock de la taille 15 \u00e0 55 principalement en G3<\/li>\n<li>Plus de 4500 douilles et paliers en stock du diam\u00e8tre 6 au diam\u00e8tre 50<\/li>\n<li>Plus de 6000 M\u00e8tres d\u2019arbres en stock en Acier premium avec trempe constante fournisseur<\/li>\n<\/ul>\n<p>[\/vc_column_text][vc_empty_space][vc_column_text]2. Vis \u00e0 billes SCHAEFFLER en stock[\/vc_column_text][vc_single_image image=\u00a0\u00bb56111&Prime; img_size=\u00a0\u00bb200*150&Prime;][vc_column_text]<b>D\u00e9tails du STOCK SCHAEFFLER :<\/b><\/p>\n<ul>\n<li>Vis \u00e0 billes roul\u00e9es KGS de la taille 2505 \u00e0 la taille 5020 + Ecrous<\/li>\n<\/ul>\n<p>[\/vc_column_text][vc_empty_space][vc_column_text]3. Stock Galets NADELLA[\/vc_column_text][vc_single_image image=\u00a0\u00bb57148&Prime; img_size=\u00a0\u00bb200*150&Prime;][vc_column_text]<\/p>\n<ul>\n<li>Galets FR..EU et FRR..EU de la taille 22 \u00e0 62<\/li>\n<li>Des galets RKY et RKYR de la taille 52 \u00e0 72<\/li>\n<li>Galets RKU de la taille 55 et 65<\/li>\n<li>Et des galets PK..C de la taille 52 \u00e0 90<\/li>\n<\/ul>\n<p>[\/vc_column_text][\/vc_column][\/vc_row]<\/p>\n","protected":false},"excerpt":{"rendered":"<p>[vc_row][vc_column][vc_column_text]Retrouvez ici notre stock disponible de rails, arbres,vis \u00e0 billes, galets des marques de nos partenaires : SCHAEFFLER, NADELLA.[\/vc_column_text][vc_empty_space][vc_column_text]1.Rails et arbres SCHAEFFLER en stock[\/vc_column_text][vc_single_image image=\u00a0\u00bb56111&Prime; img_size=\u00a0\u00bb200*150&Prime;][vc_column_text]Composition du stock SCHAEFFLER : 1000 Chariots de la taille 15 \u00e0 30 (Type B BL BH BHL\u00a0 en version V1 V2) 200 Chariots de la taille 35 \u00e0 55&hellip;<\/p>\n","protected":false},"author":1,"featured_media":0,"parent":0,"menu_order":0,"comment_status":"closed","ping_status":"closed","template":"","meta":{"footnotes":""},"class_list":["post-56853","page","type-page","status-publish","hentry","description-off"],"yoast_head":"<!-- This site is optimized with the Yoast SEO Premium plugin v26.5 (Yoast SEO v27.4) - https:\/\/yoast.com\/product\/yoast-seo-premium-wordpress\/ -->\n<title>Notre stock de guidages lin\u00e9aires - RBK Roulements<\/title>\n<meta name=\"description\" content=\"Notre stock \u00e0 d\u00e9couvrir chez RBK Lin\u00e9aire : rails et arbres, vis \u00e0 billes SCHAEFFLER, rails, galets NADELLA...\" \/>\n<meta name=\"robots\" content=\"index, follow, max-snippet:-1, max-image-preview:large, max-video-preview:-1\" \/>\n<link rel=\"canonical\" href=\"https:\/\/rbk-lineaire.fr\/index.php\/notre-stock\/\" \/>\n<meta property=\"og:locale\" content=\"fr_FR\" \/>\n<meta property=\"og:type\" content=\"article\" \/>\n<meta property=\"og:title\" content=\"NOTRE STOCK\" \/>\n<meta property=\"og:description\" content=\"Notre stock \u00e0 d\u00e9couvrir chez RBK Lin\u00e9aire : rails et arbres, vis \u00e0 billes SCHAEFFLER, rails, galets NADELLA...\" \/>\n<meta property=\"og:url\" content=\"https:\/\/rbk-lineaire.fr\/index.php\/notre-stock\/\" \/>\n<meta property=\"og:site_name\" content=\"RBK Lin\u00e9aire\" \/>\n<meta property=\"article:publisher\" content=\"https:\/\/www.facebook.com\/RBKRoulements\/\" \/>\n<meta property=\"article:modified_time\" content=\"2021-07-02T15:54:17+00:00\" \/>\n<meta name=\"twitter:card\" content=\"summary_large_image\" \/>\n<meta name=\"twitter:label1\" content=\"Dur\u00e9e de lecture estim\u00e9e\" \/>\n\t<meta name=\"twitter:data1\" content=\"1 minute\" \/>\n<script type=\"application\/ld+json\" class=\"yoast-schema-graph\">{\"@context\":\"https:\\\/\\\/schema.org\",\"@graph\":[{\"@type\":\"WebPage\",\"@id\":\"https:\\\/\\\/rbk-lineaire.fr\\\/index.php\\\/notre-stock\\\/\",\"url\":\"https:\\\/\\\/rbk-lineaire.fr\\\/index.php\\\/notre-stock\\\/\",\"name\":\"Notre stock de guidages lin\u00e9aires - RBK Roulements\",\"isPartOf\":{\"@id\":\"https:\\\/\\\/rbk-lineaire.fr\\\/#website\"},\"datePublished\":\"2020-04-16T08:41:15+00:00\",\"dateModified\":\"2021-07-02T15:54:17+00:00\",\"description\":\"Notre stock \u00e0 d\u00e9couvrir chez RBK Lin\u00e9aire : rails et arbres, vis \u00e0 billes SCHAEFFLER, rails, galets NADELLA...\",\"breadcrumb\":{\"@id\":\"https:\\\/\\\/rbk-lineaire.fr\\\/index.php\\\/notre-stock\\\/#breadcrumb\"},\"inLanguage\":\"fr-FR\",\"potentialAction\":[{\"@type\":\"ReadAction\",\"target\":[\"https:\\\/\\\/rbk-lineaire.fr\\\/index.php\\\/notre-stock\\\/\"]}]},{\"@type\":\"BreadcrumbList\",\"@id\":\"https:\\\/\\\/rbk-lineaire.fr\\\/index.php\\\/notre-stock\\\/#breadcrumb\",\"itemListElement\":[{\"@type\":\"ListItem\",\"position\":1,\"name\":\"Accueil\",\"item\":\"https:\\\/\\\/rbk-lineaire.fr\\\/\"},{\"@type\":\"ListItem\",\"position\":2,\"name\":\"NOTRE STOCK\"}]},{\"@type\":\"WebSite\",\"@id\":\"https:\\\/\\\/rbk-lineaire.fr\\\/#website\",\"url\":\"https:\\\/\\\/rbk-lineaire.fr\\\/\",\"name\":\"RBK Lin\u00e9aire\",\"description\":\"Site vitrine de tous types de guidage lin\u00e9aire\",\"publisher\":{\"@id\":\"https:\\\/\\\/rbk-lineaire.fr\\\/#organization\"},\"potentialAction\":[{\"@type\":\"SearchAction\",\"target\":{\"@type\":\"EntryPoint\",\"urlTemplate\":\"https:\\\/\\\/rbk-lineaire.fr\\\/?s={search_term_string}\"},\"query-input\":{\"@type\":\"PropertyValueSpecification\",\"valueRequired\":true,\"valueName\":\"search_term_string\"}}],\"inLanguage\":\"fr-FR\"},{\"@type\":\"Organization\",\"@id\":\"https:\\\/\\\/rbk-lineaire.fr\\\/#organization\",\"name\":\"RBK Lin\u00e9aire\",\"url\":\"https:\\\/\\\/rbk-lineaire.fr\\\/\",\"logo\":{\"@type\":\"ImageObject\",\"inLanguage\":\"fr-FR\",\"@id\":\"https:\\\/\\\/rbk-lineaire.fr\\\/#\\\/schema\\\/logo\\\/image\\\/\",\"url\":\"https:\\\/\\\/rbk-lineaire.fr\\\/wp-content\\\/uploads\\\/2019\\\/04\\\/RBK-LINEAIRE-LOGOx152.png\",\"contentUrl\":\"https:\\\/\\\/rbk-lineaire.fr\\\/wp-content\\\/uploads\\\/2019\\\/04\\\/RBK-LINEAIRE-LOGOx152.png\",\"width\":109,\"height\":152,\"caption\":\"RBK Lin\u00e9aire\"},\"image\":{\"@id\":\"https:\\\/\\\/rbk-lineaire.fr\\\/#\\\/schema\\\/logo\\\/image\\\/\"},\"sameAs\":[\"https:\\\/\\\/www.facebook.com\\\/RBKRoulements\\\/\",\"https:\\\/\\\/www.linkedin.com\\\/company\\\/rbk-roulement\\\/\"]}]}<\/script>\n<!-- \/ Yoast SEO Premium plugin. -->","yoast_head_json":{"title":"Notre stock de guidages lin\u00e9aires - RBK Roulements","description":"Notre stock \u00e0 d\u00e9couvrir chez RBK Lin\u00e9aire : rails et arbres, vis \u00e0 billes SCHAEFFLER, rails, galets NADELLA...","robots":{"index":"index","follow":"follow","max-snippet":"max-snippet:-1","max-image-preview":"max-image-preview:large","max-video-preview":"max-video-preview:-1"},"canonical":"https:\/\/rbk-lineaire.fr\/index.php\/notre-stock\/","og_locale":"fr_FR","og_type":"article","og_title":"NOTRE STOCK","og_description":"Notre stock \u00e0 d\u00e9couvrir chez RBK Lin\u00e9aire : rails et arbres, vis \u00e0 billes SCHAEFFLER, rails, galets NADELLA...","og_url":"https:\/\/rbk-lineaire.fr\/index.php\/notre-stock\/","og_site_name":"RBK Lin\u00e9aire","article_publisher":"https:\/\/www.facebook.com\/RBKRoulements\/","article_modified_time":"2021-07-02T15:54:17+00:00","twitter_card":"summary_large_image","twitter_misc":{"Dur\u00e9e de lecture estim\u00e9e":"1 minute"},"schema":{"@context":"https:\/\/schema.org","@graph":[{"@type":"WebPage","@id":"https:\/\/rbk-lineaire.fr\/index.php\/notre-stock\/","url":"https:\/\/rbk-lineaire.fr\/index.php\/notre-stock\/","name":"Notre stock de guidages lin\u00e9aires - RBK Roulements","isPartOf":{"@id":"https:\/\/rbk-lineaire.fr\/#website"},"datePublished":"2020-04-16T08:41:15+00:00","dateModified":"2021-07-02T15:54:17+00:00","description":"Notre stock \u00e0 d\u00e9couvrir chez RBK Lin\u00e9aire : rails et arbres, vis \u00e0 billes SCHAEFFLER, rails, galets NADELLA...","breadcrumb":{"@id":"https:\/\/rbk-lineaire.fr\/index.php\/notre-stock\/#breadcrumb"},"inLanguage":"fr-FR","potentialAction":[{"@type":"ReadAction","target":["https:\/\/rbk-lineaire.fr\/index.php\/notre-stock\/"]}]},{"@type":"BreadcrumbList","@id":"https:\/\/rbk-lineaire.fr\/index.php\/notre-stock\/#breadcrumb","itemListElement":[{"@type":"ListItem","position":1,"name":"Accueil","item":"https:\/\/rbk-lineaire.fr\/"},{"@type":"ListItem","position":2,"name":"NOTRE STOCK"}]},{"@type":"WebSite","@id":"https:\/\/rbk-lineaire.fr\/#website","url":"https:\/\/rbk-lineaire.fr\/","name":"RBK Lin\u00e9aire","description":"Site vitrine de tous types de guidage lin\u00e9aire","publisher":{"@id":"https:\/\/rbk-lineaire.fr\/#organization"},"potentialAction":[{"@type":"SearchAction","target":{"@type":"EntryPoint","urlTemplate":"https:\/\/rbk-lineaire.fr\/?s={search_term_string}"},"query-input":{"@type":"PropertyValueSpecification","valueRequired":true,"valueName":"search_term_string"}}],"inLanguage":"fr-FR"},{"@type":"Organization","@id":"https:\/\/rbk-lineaire.fr\/#organization","name":"RBK Lin\u00e9aire","url":"https:\/\/rbk-lineaire.fr\/","logo":{"@type":"ImageObject","inLanguage":"fr-FR","@id":"https:\/\/rbk-lineaire.fr\/#\/schema\/logo\/image\/","url":"https:\/\/rbk-lineaire.fr\/wp-content\/uploads\/2019\/04\/RBK-LINEAIRE-LOGOx152.png","contentUrl":"https:\/\/rbk-lineaire.fr\/wp-content\/uploads\/2019\/04\/RBK-LINEAIRE-LOGOx152.png","width":109,"height":152,"caption":"RBK Lin\u00e9aire"},"image":{"@id":"https:\/\/rbk-lineaire.fr\/#\/schema\/logo\/image\/"},"sameAs":["https:\/\/www.facebook.com\/RBKRoulements\/","https:\/\/www.linkedin.com\/company\/rbk-roulement\/"]}]}},"_links":{"self":[{"href":"https:\/\/rbk-lineaire.fr\/index.php\/wp-json\/wp\/v2\/pages\/56853","targetHints":{"allow":["GET"]}}],"collection":[{"href":"https:\/\/rbk-lineaire.fr\/index.php\/wp-json\/wp\/v2\/pages"}],"about":[{"href":"https:\/\/rbk-lineaire.fr\/index.php\/wp-json\/wp\/v2\/types\/page"}],"author":[{"embeddable":true,"href":"https:\/\/rbk-lineaire.fr\/index.php\/wp-json\/wp\/v2\/users\/1"}],"replies":[{"embeddable":true,"href":"https:\/\/rbk-lineaire.fr\/index.php\/wp-json\/wp\/v2\/comments?post=56853"}],"version-history":[{"count":22,"href":"https:\/\/rbk-lineaire.fr\/index.php\/wp-json\/wp\/v2\/pages\/56853\/revisions"}],"predecessor-version":[{"id":57227,"href":"https:\/\/rbk-lineaire.fr\/index.php\/wp-json\/wp\/v2\/pages\/56853\/revisions\/57227"}],"wp:attachment":[{"href":"https:\/\/rbk-lineaire.fr\/index.php\/wp-json\/wp\/v2\/media?parent=56853"}],"curies":[{"name":"wp","href":"https:\/\/api.w.org\/{rel}","templated":true}]}}